{"id":24,"date":"2009-07-18T10:50:25","date_gmt":"2009-07-18T08:50:25","guid":{"rendered":"http:\/\/www.kondolia.org\/2009\/07\/18\/beitrittsformular\/"},"modified":"2023-12-30T18:25:30","modified_gmt":"2023-12-30T17:25:30","slug":"beitrittsformular","status":"publish","type":"page","link":"http:\/\/www.kondolia.de\/?page_id=24","title":{"rendered":"Beitrittsformular"},"content":{"rendered":"\n<div class=\"wp-block-uagb-container uagb-block-cd6d220a alignfull uagb-is-root-container\"><div class=\"uagb-container-inner-blocks-wrap\">\n<p>Wenn Sie unseren Verein gerne unterst\u00fctzen m\u00f6chten, treten Sie doch als Mitglied bei. Der Mitgliedsbeitrag kommt in vollem Umfang der Arbeit des Vereins zu Gute. Dar\u00fcber hinaus freuen wir uns nat\u00fcrlich \u00fcber jede aktive Mithilfe. Laden Sie das nachfolgende Beitrittsformular runter und schicken es ausgef\u00fcllt an uns zur\u00fcck.<\/p>\n\n\n\n<p><a class=\"dl\" title=\"Beitrittserkl\u00e4rung\" href=\"http:\/\/www.kondolia.org\/wp-content\/uploads\/2009\/07\/Beitrittserkl%C3%A4rung.pdf\" target=\"_blank\" rel=\"noopener noreferrer\">Beitrittsformular (pdf)<\/a><\/p>\n<\/div><\/div>\n","protected":false},"excerpt":{"rendered":"<p>Wenn Sie unseren Verein gerne unterst\u00fctzen m\u00f6chten, treten Sie doch als Mitglied bei. Der Mitgliedsbeitrag kommt in vollem Umfang der Arbeit des Vereins zu Gute. Dar\u00fcber hinaus freuen wir uns nat\u00fcrlich \u00fcber jede aktive Mithilfe. Laden Sie das nachfolgende Beitrittsformular runter und schicken es ausgef\u00fcllt an uns zur\u00fcck. Beitrittsformular (pdf)<\/p>\n","protected":false},"author":1,"featured_media":0,"parent":0,"menu_order":3,"comment_status":"closed","ping_status":"open","template":"","meta":{"_uag_custom_page_level_css":"","footnotes":""},"uagb_featured_image_src":{"full":false,"thumbnail":false,"medium":false,"medium_large":false,"large":false,"elegant_blocks_team_1":false,"elegant_blocks_blog_1":false,"elegant_blocks_slider_1":false,"1536x1536":false,"2048x2048":false,"bizberg_medium":false,"bizberg_gallery":false,"bizberg_blog_list":false,"bizberg_detail_image":false,"bizberg_detail_image_no_sidebar":false,"bizberg_portfolio_homepage":false,"bizberg_blog_list_no_sidebar_1":false},"uagb_author_info":{"display_name":"admin","author_link":"http:\/\/www.kondolia.de\/?author=1"},"uagb_comment_info":0,"uagb_excerpt":"Wenn Sie unseren Verein gerne unterst\u00fctzen m\u00f6chten, treten Sie doch als Mitglied bei. Der Mitgliedsbeitrag kommt in vollem Umfang der Arbeit des Vereins zu Gute. Dar\u00fcber hinaus freuen wir uns nat\u00fcrlich \u00fcber jede aktive Mithilfe. Laden Sie das nachfolgende Beitrittsformular runter und schicken es ausgef\u00fcllt an uns zur\u00fcck. Beitrittsformular (pdf)","_links":{"self":[{"href":"http:\/\/www.kondolia.de\/index.php?rest_route=\/wp\/v2\/pages\/24"}],"collection":[{"href":"http:\/\/www.kondolia.de\/index.php?rest_route=\/wp\/v2\/pages"}],"about":[{"href":"http:\/\/www.kondolia.de\/index.php?rest_route=\/wp\/v2\/types\/page"}],"author":[{"embeddable":true,"href":"http:\/\/www.kondolia.de\/index.php?rest_route=\/wp\/v2\/users\/1"}],"replies":[{"embeddable":true,"href":"http:\/\/www.kondolia.de\/index.php?rest_route=%2Fwp%2Fv2%2Fcomments&post=24"}],"version-history":[{"count":2,"href":"http:\/\/www.kondolia.de\/index.php?rest_route=\/wp\/v2\/pages\/24\/revisions"}],"predecessor-version":[{"id":537,"href":"http:\/\/www.kondolia.de\/index.php?rest_route=\/wp\/v2\/pages\/24\/revisions\/537"}],"wp:attachment":[{"href":"http:\/\/www.kondolia.de\/index.php?rest_route=%2Fwp%2Fv2%2Fmedia&parent=24"}],"curies":[{"name":"wp","href":"https:\/\/api.w.org\/{rel}","templated":true}]}}